{"id":2563,"date":"2023-01-29T02:27:17","date_gmt":"2023-01-29T02:27:17","guid":{"rendered":"https:\/\/cgttenerife.org\/?page_id=2563"},"modified":"2023-02-08T02:45:07","modified_gmt":"2023-02-08T02:45:07","slug":"normativas-laborales","status":"publish","type":"page","link":"https:\/\/cgttenerife.org\/?page_id=2563","title":{"rendered":"Legislaci\u00f3n"},"content":{"rendered":"\r\n<p class=\"justificado\">Compa\u00f1eras y compa\u00f1eros, esta secci\u00f3n ha sido creada para que sirva como herramienta y apoyo a toda la clase trabajadora en materia laboral sea o no afiliado o afiliada a esta organizaci\u00f3n, <strong>el conocimiento es poder<\/strong>.<\/p>\r\n\r\n\r\n\r\n<p class=\"justificado\"><strong>El sindicato \u00danico de Tenerife de la Confederaci\u00f3n General del Trabajo<\/strong> es una organizaci\u00f3n anarcosindicalista combativa, autogestionaria, feminista, etc. y quiere ser la herramienta principal para la clase trabajadora, es por ello que en esta secci\u00f3n iremos a\u00f1adiendo normativas legales b\u00e1sicas que todo trabajador y trabajadora deber\u00eda de conocer para la defensa de sus derechos.<\/p>\r\n\r\n\r\n\r\n<p class=\"justificado\">Esperamos que sea de vuestra ayuda y sirva para frenar y combatir la explotaci\u00f3n y los abusos laborales que asedia en nuestros puestos y centros de trabajos.<\/p>\r\n\r\n\r\n\r\n<p style=\"font-size: 25px;\"><strong>Legislaci\u00f3n Laboral B\u00e1sica<\/strong><\/p>\r\n\r\n\r\n\r\n<ul class=\"wp-block-list\">\r\n<li class=\"justificado\"><a href=\"https:\/\/www.boe.es\/buscar\/act.php?id=BOE-A-1978-31229\" target=\"_blank\" rel=\"noopener\"><strong><span style=\"color: #000000;\">Constituci\u00f3n Espa\u00f1ola.<\/span><\/strong><\/a><\/li>\r\n\r\n\r\n\r\n<li class=\"justificado\"><a href=\"https:\/\/www.boe.es\/biblioteca_juridica\/abrir_pdf.php?id=PUB-DT-2022-139\" target=\"_blank\" rel=\"noreferrer noopener\">Texto Refundido de la Ley Del<span style=\"color: #000000;\"><strong> Estatuto de los Trabajadores<\/strong>. (ET).<\/span><\/a><\/li>\r\n\r\n\r\n\r\n<li class=\"justificado\"><a href=\"https:\/\/www.boe.es\/buscar\/act.php?id=BOE-A-1985-16660\" target=\"_blank\" rel=\"noreferrer noopener\">Ley Org\u00e1nica 11\/1985, de 2 de agosto, de<span style=\"color: #000000;\"><strong> Libertad Sindical<\/strong>. (LOLS).<\/span><\/a><\/li>\r\n\r\n\r\n\r\n<li class=\"justificado\"><a href=\"https:\/\/www.boe.es\/buscar\/act.php?id=BOE-A-1995-24292\" target=\"_blank\" rel=\"noreferrer noopener\">Real Decreto Legislativo 5\/2000, de 4 de agosto, por el que se aprueba el texto refundido de la <span style=\"color: #000000;\"><strong>Ley sobre Infracciones y Sanciones en el Orden Social<\/strong>.(LISOS).<\/span><\/a><\/li>\r\n\r\n\r\n\r\n<li class=\"justificado\"><a href=\"https:\/\/www.boe.es\/buscar\/act.php?id=BOE-A-1995-24292\" target=\"_blank\" rel=\"noreferrer noopener\">Ley 31\/1995, de 8 de noviembre, de <span style=\"color: #000000;\"><strong>prevenci\u00f3n de Riesgos Laborales<\/strong>.(LPRL).<\/span><\/a>\r\n<ul class=\"wp-block-list\">\r\n<li class=\"justificado\"><span style=\"color: #000000;\"><a style=\"color: #000000;\" href=\"https:\/\/www.insst.es\/normativa\" target=\"_blank\" rel=\"noreferrer noopener\"><strong>Normativa de Prevenci\u00f3n de Riesgos Laborales<\/strong>.<\/a><\/span><\/li>\r\n<\/ul>\r\n<\/li>\r\n\r\n\r\n\r\n<li class=\"justificado\"><a href=\"https:\/\/www.boe.es\/diario_boe\/txt.php?id=BOE-A-2016-7338\" target=\"_blank\" rel=\"noreferrer noopener\">Real Decreto 311\/2016, de 29 de julio, por el que se modifica el Real Decreto 1561\/1995, de 21 de septiembre, sobre <span style=\"color: #000000;\"><strong>jornadas especiales de trabajo, en materia de trabajo nocturno<\/strong>.<\/span><\/a><\/li>\r\n\r\n\r\n\r\n<li class=\"justificado\"><span style=\"color: #000000;\"><a style=\"color: #000000;\" href=\"https:\/\/www.aepd.es\/es\/informes-y-resoluciones\/normativa\" target=\"_blank\" rel=\"noreferrer noopener\"><strong>Protecci\u00f3n de datos<\/strong> (LOPD, RGPD).<\/a><\/span><\/li>\r\n\r\n\r\n\r\n<li class=\"justificado\"><a href=\"https:\/\/www.boe.es\/buscar\/doc.php?id=BOE-A-2021-11472\" target=\"_blank\" rel=\"noreferrer noopener\">Ley 10\/2021, de 9 de julio, <span style=\"color: #000000;\"><strong>de trabajo a distancia<\/strong>.<\/span><\/a><\/li>\r\n\r\n\r\n\r\n<li class=\"justificado\"><a href=\"https:\/\/www.boe.es\/buscar\/act.php?id=BOE-A-2012-13419&amp;p=20140301&amp;tn=6\" target=\"_blank\" rel=\"noreferrer noopener\">Real Decreto 1483\/2012, de 29 de octubre, por el que se aprueba el<span style=\"color: #000000;\"><strong> Reglamento de los procedimientos de despido colectivo y de suspensi\u00f3n de contratos y reducci\u00f3n de jornada.<\/strong><\/span><\/a>\r\n<ul class=\"wp-block-list\">\r\n<li class=\"justificado\"><a href=\"https:\/\/www.boe.es\/buscar\/doc.php?id=BOE-A-2013-5873\" target=\"_blank\" rel=\"noreferrer noopener\">Orden ESS\/982\/2013, de 20 de mayo, por la que se regula el contenido y el <span style=\"color: #000000;\"><strong>procedimiento de remisi\u00f3n de la comunicaci\u00f3n que deben efectuar los empleadores a la Entidad Gestora de las prestaciones por desempleo en los procedimientos de despido colectivo, y de suspensi\u00f3n de contratos y reducci\u00f3n de jornada.<\/strong><\/span><\/a><\/li>\r\n<\/ul>\r\n<\/li>\r\n\r\n\r\n\r\n<li class=\"justificado\"><a href=\"https:\/\/www.boe.es\/buscar\/act.php?id=BOE-A-2015-11724\" target=\"_blank\" rel=\"noreferrer noopener\">Real Decreto Legislativo 8\/2015, de 30 de octubre, por el que se aprueba el texto refundido de la <span style=\"color: #000000;\"><strong>Ley General de la Seguridad Social.<\/strong><\/span><\/a><\/li>\r\n\r\n\r\n\r\n<li class=\"justificado\"><a href=\"https:\/\/www.boe.es\/buscar\/doc.php?id=BOE-A-2014-13568\" target=\"_blank\" rel=\"noreferrer noopener\">Ley 35\/2014, de 26 de diciembre, por la que se modifica el texto refundido de la Ley General de la Seguridad Social en relaci\u00f3n con el r\u00e9gimen jur\u00eddico de<span style=\"color: #000000;\"><strong> las Mutuas de Accidentes de Trabajo y Enfermedades Profesionales de la Seguridad Social.<\/strong><\/span><\/a><\/li>\r\n\r\n\r\n\r\n<li><a href=\"https:\/\/www.boe.es\/diario_boe\/txt.php?id=BOE-A-2022-14680\" target=\"_blank\" rel=\"noreferrer noopener\">Real Decreto-ley 16\/2022, de 6 de septiembre, para la mejora de las condiciones de trabajo y de Seguridad Social de las <span style=\"color: #000000;\"><strong>personas trabajadoras al servicio del hogar.<\/strong><\/span><\/a><\/li>\r\n\r\n\r\n\r\n<li class=\"justificado\"><a href=\"https:\/\/www.boe.es\/buscar\/act.php?id=BOE-A-2007-6115\" target=\"_blank\" rel=\"noreferrer noopener\">Ley Org\u00e1nica 3\/2007, de 22 de marzo, para<span style=\"color: #000000;\"><strong> la igualdad efectiva de mujeres y hombres<\/strong>.<\/span><\/a>\r\n<ul class=\"wp-block-list\">\r\n<li class=\"justificado\"><a href=\"https:\/\/www.boe.es\/buscar\/act.php?id=BOE-A-2022-11589\" target=\"_blank\" rel=\"noreferrer noopener\">Ley 15\/2022, de 12 de julio, integral para <strong>la igualdad de trato y la no discriminaci\u00f3n.<\/strong><\/a><\/li>\r\n\r\n\r\n\r\n<li class=\"justificado\"><a href=\"https:\/\/www.boe.es\/buscar\/doc.php?id=BOE-A-2020-12214\" target=\"_blank\" rel=\"noreferrer noopener\">Real Decreto 901\/2020, de 13 de octubre, por el que se regulan <span style=\"color: #000000;\"><strong>los planes de igualdad<\/strong> y su registro y se modifica el Real Decreto 713\/2010, de 28 de mayo, sobre<strong> registro y dep\u00f3sito de convenios y acuerdos colectivos de trabajo.<\/strong><\/span><\/a><\/li>\r\n\r\n\r\n\r\n<li class=\"justificado\"><a href=\"https:\/\/www.boe.es\/buscar\/act.php?id=BOE-A-1999-21568\" target=\"_blank\" rel=\"noreferrer noopener\">Ley 39\/1999, de 5 de noviembre, para<span style=\"color: #000000;\"><strong> promover la conciliaci\u00f3n de la vida familiar y laboral de las personas trabajadoras.<\/strong><\/span><\/a><\/li>\r\n\r\n\r\n\r\n<li class=\"justificado\"><a href=\"https:\/\/www.boe.es\/buscar\/doc.php?id=BOE-A-2010-4518\" target=\"_blank\" rel=\"noreferrer noopener\">Ley 1\/2010, de 26 de febrero, <span style=\"color: #000000;\"><strong>canaria de igualdad entre mujeres y hombres<\/strong>.<\/span><\/a><\/li>\r\n\r\n\r\n\r\n<li class=\"justificado\"><a href=\"https:\/\/www.boe.es\/buscar\/doc.php?id=BOE-A-2020-12215\" target=\"_blank\" rel=\"noreferrer noopener\">Real Decreto 902\/2020, de 13 de octubre, de <strong><span style=\"color: #000000;\">igualdad retributiva entre mujeres y hombres.<\/span><\/strong><\/a><\/li>\r\n\r\n\r\n\r\n<li class=\"justificado\"><a href=\"https:\/\/www.boe.es\/buscar\/act.php?id=BOE-A-2019-3244\" target=\"_blank\" rel=\"noreferrer noopener\">Real Decreto-ley 6\/2019, de 1 de marzo, de <span style=\"color: #000000;\"><strong>medidas urgentes para garant\u00eda de la igualdad de trato y de oportunidades entre mujeres y hombres en el empleo y la ocupaci\u00f3n<\/strong>.<\/span><\/a><\/li>\r\n\r\n\r\n\r\n<li class=\"justificado\"><a href=\"https:\/\/www.boe.es\/buscar\/act.php?id=BOE-A-2004-21760\" target=\"_blank\" rel=\"noreferrer noopener\">Ley Org\u00e1nica 1\/2004, de 28 de diciembre, de<span style=\"color: #000000;\"><strong> Medidas de Protecci\u00f3n Integral contra la Violencia de G\u00e9nero<\/strong>.<\/span><\/a><\/li>\r\n\r\n\r\n\r\n<li class=\"justificado\"><a href=\"https:\/\/www.boe.es\/buscar\/act.php?id=BOE-A-2022-14630\" target=\"_blank\" rel=\"noreferrer noopener\">Ley Org\u00e1nica 10\/2022, de 6 de septiembre, de<span style=\"color: #000000;\"><strong> garant\u00eda integral de la libertad sexual<\/strong>.<\/span><\/a><\/li>\r\n<\/ul>\r\n<\/li>\r\n<\/ul>\r\n<p>&nbsp;<\/p>\r\n<p>&nbsp;<\/p>\r\n\r\n\r\n<div class=\"wp-block-image\">\r\n<figure class=\"aligncenter size-large is-resized\"><img loading=\"lazy\" decoding=\"async\" class=\"aligncenter\" src=\"https:\/\/www.cgt-lkn.org\/wp-content\/uploads\/2020\/05\/Cartel-Vacunate-scaled_0.jpg\" alt=\"\" width=\"428\" height=\"299\" \/><\/figure>\r\n<\/div>","protected":false},"excerpt":{"rendered":"<div class=\"mh-excerpt\"><p>Compa\u00f1eras y compa\u00f1eros, esta secci\u00f3n ha sido creada para que sirva como herramienta y apoyo a toda la clase trabajadora en materia laboral sea o <a class=\"mh-excerpt-more\" href=\"https:\/\/cgttenerife.org\/?page_id=2563\" title=\"Legislaci\u00f3n\">[&#8230;]<\/a><\/p>\n<\/div>","protected":false},"author":1,"featured_media":0,"parent":0,"menu_order":0,"comment_status":"closed","ping_status":"closed","template":"","meta":{"footnotes":""},"class_list":["post-2563","page","type-page","status-publish","hentry"],"_links":{"self":[{"href":"https:\/\/cgttenerife.org\/index.php?rest_route=\/wp\/v2\/pages\/2563","targetHints":{"allow":["GET"]}}],"collection":[{"href":"https:\/\/cgttenerife.org\/index.php?rest_route=\/wp\/v2\/pages"}],"about":[{"href":"https:\/\/cgttenerife.org\/index.php?rest_route=\/wp\/v2\/types\/page"}],"author":[{"embeddable":true,"href":"https:\/\/cgttenerife.org\/index.php?rest_route=\/wp\/v2\/users\/1"}],"replies":[{"embeddable":true,"href":"https:\/\/cgttenerife.org\/index.php?rest_route=%2Fwp%2Fv2%2Fcomments&post=2563"}],"version-history":[{"count":38,"href":"https:\/\/cgttenerife.org\/index.php?rest_route=\/wp\/v2\/pages\/2563\/revisions"}],"predecessor-version":[{"id":3038,"href":"https:\/\/cgttenerife.org\/index.php?rest_route=\/wp\/v2\/pages\/2563\/revisions\/3038"}],"wp:attachment":[{"href":"https:\/\/cgttenerife.org\/index.php?rest_route=%2Fwp%2Fv2%2Fmedia&parent=2563"}],"curies":[{"name":"wp","href":"https:\/\/api.w.org\/{rel}","templated":true}]}}